?
False
Is 2 a factor of 271?
False
Does 3 divide 68?
False
Does 14 divide 11130?
True
Is 1470 a multiple of 10?
True
Is 152 a factor of 61196?
False
Is 22 a factor of 167?
False
Is 4 a factor of 47?
False
Is 30 a factor of 3000?
True
Is 9 a factor of 1051?
False
Is 732 a multiple of 63?
False
Is 144 a factor of 12096?
True
Does 88 divide 2816?
True
Is 189 a multiple of 9?
True
Is 53 a factor of 672?
False
Is 60 a multiple of 6?
True
Is 75 a factor of 25950?
True
Is 21111 a multiple of 97?
False
Does 12 divide 576?
True
Does 23 divide 1564?
True
Is 55 a factor of 5940?
True
Does 16 divide 3781?
False
Does 34 divide 13981?
False
Is 12 a factor of 209?
False
Does 27 divide 367?
False
Is 97 a multiple of 8?
False
Is 9 a factor of 76554?
True
Does 19 divide 55534?
False
Does 10 divide 2060?
True
Is 48 a factor of 3652?
False
Does 20 divide 96360?
True
Is 1938 a multiple of 57?
True
Does 17 divide 508?
False
Is 9384 a multiple of 34?
True
Is 63 a factor of 22869?
True
Is 4996 a multiple of 10?
False
Is 14210 a multiple of 92?
False
Is 140217 a multiple of 21?
True
Is 309 a multiple of 5?
False
Does 76 divide 15001?
False
Is 126 a factor of 13734?
True
Is 214 a multiple of 28?
False
Is 9 a factor of 2428?
False
Is 41592 a multiple of 24?
True
Is 1104 a multiple of 7?
False
Does 11 divide 12?
False
Is 3062 a multiple of 4?
False
Does 20 divide 22841?
False
Does 24 divide 60598?
False
Is 139 a multiple of 35?
False
Does 30 divide 300?
True
Does 8 divide 1392?
True
Does 8 divide 25888?
True
Does 14 divide 678?
False
Is 8 a factor of 480?
True
Is 11 a factor of 5414?
False
Is 28 a factor of 132132?
True
Does 7 divide 2205?
True
Is 202 a multiple of 11?
False
Is 838 a multiple of 26?
False
Is 8052 a multiple of 11?
True
Does 15 divide 4140?
True
Does 20 divide 16700?
True
Is 3406 a multiple of 7?
False
Is 2509 a multiple of 53?
False
Does 18 divide 8064?
True
Is 102 a multiple of 34?
True
Does 6 divide 5796?
True
Is 30 a factor of 46612?
False
Is 11 a factor of 3361?
False
Does 6 divide 4542?
True
Is 3564 a multiple of 9?
True
Is 66825 a multiple of 135?
True
Does 35 divide 4547?
False
Is 118 a factor of 13924?
True
Is 6034 a multiple of 22?
False
Is 1178 a multiple of 10?
False
Is 14 a factor of 6869?
False
Does 29 divide 1624?
True
Is 3637 a multiple of 16?
False
Is 8 a factor of 1529?
False
Is 17157 a multiple of 22?
False
Is 2 a factor of 27596?
True
Is 86 a multiple of 2?
True
Does 4 divide 396?
True
Does 20 divide 24811?
False
Does 16 divide 1341?
False
Is 928 a multiple of 73?
False
Does 44 divide 44?
True
Is 12036 a multiple of 34?
True
Is 6825 a multiple of 120?
False
Is 9 a factor of 794?
False
Does 77 divide 20806?
False
Is 15911 a multiple of 10?
False
Does 25 divide 8500?
True
Is 29387 a multiple of 242?
False
Is 33088 a multiple of 64?
True
Is 62 a factor of 2251?
False
Does 66 divide 4620?
True
Does 29 divide 290?
True
Does 7 divide 2255?
False
Is 2856 a multiple of 24?
True
Does 2 divide 2147?
False
Does 18 divide 5484?
False
Is 3 a factor of 1079?
False
Is 11 a multiple of 4?
False
Does 5 divide 2075?
True
Does 4 divide 11928?
True
Is 14 a factor of 476?
True
Does 42 divide 1680?
True
Is 3024 a multiple of 48?
True
Is 1320 a multiple of 22?
True
Does 9 divide 3913?
False
Is 30 a factor of 533?
False
Is 72 even?
True
Does 3 divide 795?
True
Is 9 a factor of 387?
True
Is 20 a factor of 7213?
False
Does 6 divide 20922?
True
Is 2436 a multiple of 7?
True
Does 27 divide 13669?
False
Is 15 a factor of 689?
False
Is 12666 a multiple of 6?
True
Is 4 a factor of 755?
False
Does 46 divide 1500?
False
Does 77 divide 2457?
False
Is 59 a factor of 5310?
True
Does 41 divide 2048?
False
Does 63 divide 11812?
False
Does 19 divide 93784?
True
Is 92 a factor of 184?
True
Is 52 a factor of 26335?
False
Does 148 divide 3996?
True
Is 8 a factor of 728?
True
Is 295 a multiple of 59?
True
Is 56 a factor of 24485?
False
Is 3190 a multiple of 24?
False
Is 37125 a multiple of 75?
True
Is 12 a factor of 136?
False
Does 42 divide 2445?
False
Is 242 a factor of 8729?
False
Does 5 divide 9510?
True
Does 10 divide 60?
True
Is 90121 a multiple of 227?
False
Is 553 a multiple of 79?
True
Is 97 a factor of 1455?
True
Is 27 a factor of 9963?
True
Does 6 divide 44827?
False
Does 4 divide 14050?
False
Is 22 a factor of 2110?
False
Is 21 a factor of 63504?
True
Does 10 divide 8760?
True
Is 5427 a multiple of 67?
True
Is 1296 a multiple of 27?
True
Is 68 a factor of 174?
False
Is 14 a factor of 67?
False
Is 40 a multiple of 8?
True
Is 26 a factor of 505?
False
Is 504 a multiple of 12?
True
Is 430 a multiple of 44?
False
Is 21 a factor of 31668?
True
Is 11081 a multiple of 12?
False
Is 147 a multiple of 39?
False
Is 8879 a multiple of 16?
False
Is 232 even?
True
Is 38 a factor of 1350?
False
Is 49 a factor of 179?
False
Is 63 a factor of 1442?
False
Is 29 a factor of 232?
True
Is 38 a factor of 1222?
False
Is 12 a factor of 9444?
True
Is 1880 a multiple of 10?
True
Is 3528 a multiple of 18?
True
Is 15 a factor of 255?
True
Does 46 divide 38486?
False
Does 27 divide 196?
False
Is 2560 a multiple of 12?
False
Is 7540 a multiple of 29?
True
Does 4 divide 2216?
True
Is 24 a factor of 12578?
False
Is 21 a factor of 35724?
False
Is 112 a factor of 14896?
True
Does 6 divide 12672?
True
Is 6 a factor of 2466?
True
Is 2456 a multiple of 2?
True
Is 368 a multiple of 2?
True
Is 442 a multiple of 13?
True
Is 9 a factor of 38146?
False
Does 12 divide 98134?
False
Does 74 divide 6278?
False
Does 8 divide 573?
False
Does 18 divide 2052?
True
Does 7 divide 565?
False
Does 189 divide 68607?
True
Does 3 divide 1559?
False
Is 10080 a multiple of 80?
True
Is 420 a multiple of 20?
True
Does 22 divide 18201?
False
Does 79 divide 3555?
True
Is 1419 a multiple of 20?
False
Is 13 a factor of 687?
False
Is 4 a factor of 6920?
True
Does 14 divide 190?
False
Is 41 a factor of 9633?
False
Does 39 divide 3904?
False
Is 16 a factor of 1861?
False
Is 308 a multiple of 22?
True
Is 16783 a multiple of 20?
False
Is 4214 a multiple of 42?
False
Is 32763 a multiple of 28?
False
Does 28 divide 3725?
False
Is 29 a factor of 1453?
False
Is 112 a factor of 5156?
False
Is 7 a factor of 15?
False
Is 1052 a multiple of 12?
False
Does 18 divide 2106?
True
Is 79 a factor of 16098?
False
Is 15 a factor of 814?
False
Does 21 divide 8232?
True
Is 28917 a multiple of 8?
False
Is 10380 a multiple of 20?
True
Is 7887 a multiple of 11?
True
Is 88 a multiple of 4?
True
Does 22 divide 1012?
True
Is 23 a factor of 668?
False
Is 10 a factor of 318?
False
Is 8435 a multiple of 35?
True
Does 8 divide 1976?
True
Is 124 a multiple of 9?
False
Does 48 divide 23472?
True
Does 21 divide 336?
True
Is 83 a factor of 3984?
True
Does 11 divide 1571?
False
Is 1788 a multiple of 12?
True
Is 12 a factor of 513?
False
Is 6852 a multiple of 114?
False
Is 2448 a multiple of 36?
True
Does 18 divide 522?
True
Is 9405 a multiple of 99?
True
Is 25 a factor of 16200?
True
Is 36 a factor of 1508?
False
Does 32 divide 2185?
False
Does 112 divide 4032?
True
Is 20 a factor of 13666?
False
Is 5 a factor of 198?
False
Is 2208 a multiple of 24?
True
Is 23247 a multiple of 189?
True
Is 62 a factor of 4490?
False
Is 792 a multiple of 29?
False
Does 18 divide 13464?
True
Is 110554 a multiple of 72?
False
Is 948 a multiple of 3?
True
Is 1818 a multiple of 101?
True
Is 8 a factor of 128?
True
Does 97 divide 6402?
True
Does 2 divide 57?
False
Does 103 divide 19666?
False
Is 7175 a multiple of 41?
True
Is 8 a factor of 47776?
True
Is 164 a factor of 45166?
False
Is 16 a factor of 8532?
False
Does 31 divide 905?
False
Is 62 a factor of 372?
True
Is 16063 a multiple of 14?
False
Is 33 a factor of 3102?
True
Is 35 a factor of 1386?
False
Is 46 a factor of 92?
True
Is 359 a multiple of 4?
False
Is 24389 a multiple of 29?
True
Does 30 divide 1740?
True
Is 8 a multiple of 4?
True
Does 14 divide 2604?
True
Is 7 a factor of 491?
False
Does 259 divide 12500?
False
Does 83 divide 3672?
False
Does 12 divide 1082?
False
Is 250 a multiple of 7?
False
Is 205 a multiple of 5?
True
Does 29 divide 1498?
False
Does 36 divide 58824?
True
Is 1332 a multiple of 5?
False
Is 67 a factor of 37520?
True
Does 56 divide 1583?
False
Is 82 a factor of 30176?
True
Is 4662 a multiple of 74?
Tr